v + 4*v + v**2 + v + 5. What is the remainder when 57 is divided by s(-5)?
12
Suppose 0 = 4*h + 5*n + 213, -n + 186 = -3*h + 4*n. Let f = -29 - h. Let k(t) = 3*t**2 + 2*t - 1. Calculate the remainder when f is divided by k(2).
13
Let v = 47 - -42. Calculate the remainder when v is divided by 32.
25
Suppose -5*w = -k + 35, 5*k - 39 - 4 = 3*w. Let v(n) = n**3 + 7*n**2 + n. Let i be v(w). Calculate the remainder when 1/(1/i*2) is divided by 8.
7
Let k(l) = 6*l + 9. What is the remainder when k(4) is divided by 18?
15
Suppose -5*x = -4 - 6. Suppose x*f = 2*v - 128, v - 2*f + 49 = 2*v. Calculate the remainder when v is divided by 15.
14
Suppose -5*i + 286 = 8*i. Calculate the remainder when 79 is divided by i.
13
Suppose 25 = 2*v + 4*r - r, -4*v = r - 35. Calculate the remainder when 8 is divided by v.
0
Let l(x) = 5 + 7*x - 3*x - 5*x. Calculate the remainder when 28 is divided by l(-5).
8
Suppose 3 = 3*d - 9. Suppose -x + 29 = g - 3*x, 187 = 5*g + d*x. Calculate the remainder when g is divided by 12.
11
Suppose 3*v + 205 = 5*x + 8*v, 123 = 3*x + 4*v. Suppose 2*m - 6*m - 12 = 0, -27 = -3*g - 5*m. Calculate the remainder when x is divided by g.
13
Let g(j) = 22*j - 8. Let i be g(6). Let n = 211 - i. Calculate the remainder when n is divided by 22.
21
Let l(f) = -f**3 + 5*f**2 + f + 2. What is the remainder when l(5) is divided by 2?
1
Suppose 2*r + 5*f = -0*r + 129, -4 = -4*f. Let l(y) = -y**2 - 17*y - 44. What is the remainder when r is divided by l(-12)?
14
Suppose 0*n = 4*n. Suppose -5*v = -3*u + 125, 3*v + 75 = -n*v - 5*u. Calculate the remainder when 176/5 + 5/v is divided by 12.
11
Let r(j) be the third derivative of 7*j**4/24 - j**2. Calculate the remainder when 39 is divided by r(2).
11
Let v = 28 + -11. Suppose 3*f - v = -2. Calculate the remainder when 12 is divided by f.
2
Let g be 136/5 - (-1)/(-5). Suppose -4*d + g = 3. Calculate the remainder when ((-34)/3*-3)/2 is divided by d.
5
Suppose -g + 1 = -3. Suppose -2*o = -a + 11, -2*a - o = -g*a + 19. What is the remainder when 33 is divided by a?
6
Suppose 5*c - 3*m = 138 + 26, 0 = 4*m + 12. Suppose -9 - 31 = -5*p. What is the remainder when c is divided by p?
7
Let m = 5 - 4. Let x be 0/2 - (m + -2). Suppose -3*l = -x - 5. What is the remainder when 6 is divided by l?
0
Let i = 79 + -34. What is the remainder when i is divided by 16?
13
Let t(c) = -c**2 - 11*c + 5. Calculate the remainder when 65 is divided by t(-9).
19
Suppose 11 = 4*b - 17. Suppose 0 = 5*s + 25, 3*u + 8*s + 152 = 7*s. Let o = 69 + u. What is the remainder when o is divided by b?
6
What is the remainder when -3 - 3954/(-45) - 2/(-15) is divided by 44?
41
Let m be 13*-1 + 1/1. Suppose 0 = -6*l + 2*l + 108. Let i = l + m. What is the remainder when i is divided by 8?
7
Suppose 0 = -5*t - 17 + 57. Calculate the remainder when 22 is divided by t.
6
Calculate the remainder when 50 is divided by (21 - 0)*(-1)/14*-12.
14
What is the remainder when 47 is divided by 6/(-4)*(-3)/(6/16)?
11
Let o(c) = c**3 - 7*c**2 - 2*c + 10. Let d be o(7). Calculate the remainder when (79 - 3)*(-2)/(-4) is divided by 91/(-21)*(1 + d).
12
Let d = 6 - 2. Suppose -d*s + 3 = -37. Let k(r) = 2*r**2 - 9*r. What is the remainder when k(6) is divided by s?
8
Let i be 2/(-8) + (-165)/12. Calculate the remainder when (-382)/i - (-14)/(-49) is divided by 13 - ((-1 - 0) + 0).
13
Suppose 0 = -v - 2. Let s(g) = -g**3 + g**2 + 2*g + 3. What is the remainder when 31 is divided by s(v)?
9
Suppose 2*a + 35 = 5. Let h be 16/6*a/4. Let x = h - -63. Calculate the remainder when x is divided by 14.
11
Let f(d) = -d**2 - 7*d - 6. Let n be f(-5). Suppose n = 2*s - 20. Calculate the remainder when (46/(-5))/(1/(-5)) is divided by s.
10
Let f(l) = l**3 - 5*l**2 + 2*l - 7. Let r be 2/(-5) - (-54)/10. Calculate the remainder when 9 is divided by f(r).
0
Let f(l) = 40*l**2 + l + 1. Let k(i) = i**3 + i**2 - 1. Let v be k(0). What is the remainder when f(v) is divided by (-40)/(-3) + 8/12?
12
Suppose 4*u - 35 = -u. Let w(q) = q**2 - 2*q - 9. What is the remainder when w(u) is divided by 7?
5
Suppose 0*m + 2*m - 54 = 0. Let j = m - 14. Suppose 26 = 3*g - 49. Calculate the remainder when g is divided by j.
12
Calculate the remainder when (-1)/(-3) + 1896/36 is divided by 27.
26
Suppose g = 6*g - 145. What is the remainder when g is divided by 5?
4
Calculate the remainder when 24 is divided by -2 - -4 - (-28)/4.
6
Calculate the remainder when 1/(2/216) - (15 + -18) is divided by 29.
24
Let s = -13 + 19. Calculate the remainder when 7 is divided by 42/9 - 4/s.
3
Suppose 3*x + 3*a = 84, -4*a - 47 = -4*x + 97. What is the remainder when x is divided by 9?
5
Suppose 4*k + 4*v = 716, -2*k + 3*v + 855 = 3*k. What is the remainder when (k/(-4) - -2)*-2 is divided by 28?
27
Let v(z) = -z**2 + 4*z + 2. Let c be v(4). Let g(o) = o**3 - 5*o**2 + 2*o - 1. Let k be g(c). What is the remainder when 49 is divided by (-100)/(-6) + (-3)/k?
15
Suppose 3*h - i = 69, i + 29 = 2*h + 6*i. Let o = -65 - -107. What is the remainder when o is divided by h?
20
Let v = 23 - 19. Suppose 30 = -2*t + v*t. What is the remainder when t is divided by 3?
0
Let l = 9 - 2. Let q(s) = 3*s - 1. Let g be q(2). Calculate the remainder when l is divided by 4/(-10) + 22/g.
3
Let y(x) = x**3 + 4*x**2 - 4*x. Let b be y(-5). What is the remainder when b/((-5)/11) - 3 is divided by 5?
3
Let n be 41/(-2)*-1*2. Let y = n - 21. Calculate the remainder when y is divided by 11.
9
Let p(h) = h**3 + h**2 - 3*h + 4. Let y be p(-3). Let j(q) = -4*q - 7. What is the remainder when 23 is divided by j(y)?
10
Suppose 62*o - 63*o + 14 = 0. What is the remainder when 124 is divided by o?
12
Suppose 0 = -2*d - 0*d - 2*t + 22, -14 = -d + 2*t. Calculate the remainder when 81 is divided by d.
9
Let y(m) = -m**2 - 11*m + 10. Let h be y(-6). Suppose 0*u - 5*u + h = 0. What is the remainder when u is divided by 3?
2
Calculate the remainder when (6/(-15))/((-4)/420) is divided by 15.
12
Suppose -15 = -3*s + j + 5, 5*j + 2 = s. Calculate the remainder when 37 is divided by s.
2
Let z(a) = -6*a - a + a**2 + 6 + 0*a**2 + 13*a. What is the remainder when z(-7) is divided by 8?
5
Let z = 28 - 8. What is the remainder when 119 is divided by z?
19
Suppose -4*z = -1 - 7. Suppose -2 = -2*n + 4, 3*j + n = 24. What is the remainder when j is divided by z?
1
Suppose 0 = 2*s + 2*s - 68. Let c(t) = 26*t + 4. Let r be c(4). Let h = -59 + r. Calculate the remainder when h is divided by s.
15
Let o(b) = -b + 9. Let a be o(4). Calculate the remainder when 32 - (3 - a - 0) is divided by 9.
7
Let g(k) = k**3 - 5*k**2 + 3*k - 2. Let s be g(5). Let i = s - 11. What is the remainder when 5 is divided by i?
1
Let p(y) = y**3 - 4*y**2 + y + 2. Let m be p(4). Suppose 0 = 5*w - z - 88, 2*w - 20 = z + 17. Let u = w - m. Calculate the remainder when 20 is divided by u.
9
Suppose 0 = 4*n + 5 - 37. Suppose 25 + 63 = 4*s. Let w = 1 + s. Calculate the remainder when w is divided by n.
7
Suppose -i = -3*c - 16, -i - c - 42 = -3*i. What is the remainder when i is divided by 12?
10
Suppose 0*t = -2*t + 10. Suppose 4*o - 190 = -2*y, 2*o - 3*o = -3*y - 58. What is the remainder when o is divided by 83/t + 4/10?
15
Suppose -6*h = -h + 2*d - 4, -5*d - 7 = 4*h. Calculate the remainder when 6 is divided by h.
0
Let b(p) = 3*p. Let y(x) = -x**3 + 13*x**2 - 26*x + 11. Calculate the remainder when y(10) is divided by b(6).
15
Suppose 8*r = 3*r + 230. What is the remainder when r is divided by 12?
10
Suppose -22*w - 104 = -26*w. Calculate the remainder when 128 is divided by w.
24
Suppose -4*k = 5*q - 48, -2*q + 0*q - 13 = -3*k. Let n = k + 3. Calculate the remainder when n is divided by 6.
4
Let t be 40/(-7) + 6/(-21). What is the remainder when (-37)/(-2*(-3)/t) is divided by 13?
11
Suppose 4*m = -5 - 7, 3*x + 3*m - 87 = 0. Calculate the remainder when x is divided by 7.
4
Let u(p) = 5*p**2 + 2 + p**3 + p**2 - 2*p**3 + 9*p. Calculate the remainder when (-2)/(8/(-10))*12 is divided by u(7).
14
Let u be (5 - 3) + 1 + 0. Suppose -u*b + 0*z = -2*z - 17, -3*b - 5*z = 11. What is the remainder when 15 is divided by ((-2)/4)/(b/(-48))?
7
Let r = -58 - -150. What is the remainder when r is divided by 32?
28
Let c be (-16)/6 + 4/6. Let h be -2 - 0 - c*9. Let w = h - 7. Calculate the remainder w